Is 175927 a composite number?
True
Is 28296861 prime?
False
Is 75739891 composite?
False
Is 106511831 composite?
False
Is 46154153 a composite number?
False
Is 705319 a prime number?
False
Is 554417 a composite number?
False
Is 32243527 composite?
False
Is 102756887 composite?
False
Is 16786183 composite?
True
Is 30845881 a composite number?
True
Is 9877297 a prime number?
False
Is 10676681 prime?
True
Is 1325047 a prime number?
True
Is 6053843 composite?
False
Is 811535221 composite?
True
Is 264697 a prime number?
True
Is 3117229 composite?
True
Is 71919841 a composite number?
True
Is 7504241 a composite number?
False
Is 13138013 composite?
True
Is 71927651 prime?
True
Is 45514619 a composite number?
False
Is 25822781 a composite number?
True
Is 117707819 prime?
False
Is 48037141 composite?
False
Is 9806809 a prime number?
False
Is 2761363 composite?
True
Is 816884617 a composite number?
False
Is 5120399 prime?
True
Is 31923886 prime?
False
Is 4819777 a prime number?
False
Is 366127 composite?
False
Is 2457635 prime?
False
Is 2679269 a composite number?
False
Is 39364862 a prime number?
False
Is 80200417 composite?
True
Is 170617439 a prime number?
False
Is 7550183 composite?
True
Is 85957621 a composite number?
False
Is 6041549 a prime number?
True
Is 4290859 a composite number?
True
Is 128950181 composite?
False
Is 553721 a prime number?
False
Is 2073733 a composite number?
True
Is 55785881 composite?
True
Is 67256563 prime?
False
Is 28213135 composite?
True
Is 99740389 prime?
False
Is 3697165 a prime number?
False
Is 145194311 composite?
False
Is 88041571 composite?
False
Is 306550001 composite?
True
Is 1122455 a prime number?
False
Is 5114413 a composite number?
False
Is 12223217 a composite number?
True
Is 122844767 prime?
True
Is 251677 composite?
False
Is 24083183 a composite number?
False
Is 186544249 a composite number?
True
Is 60213661 prime?
True
Is 1621843 prime?
True
Is 41719393 a prime number?
True
Is 229537001 a composite number?
True
Is 2086697 a composite number?
False
Is 459570151 a prime number?
True
Is 3417035 a composite number?
True
Is 119262379 a composite number?
True
Is 334867865 prime?
False
Is 10428461 a composite number?
False
Is 9885119 prime?
True
Is 255456137 a prime number?
False
Is 48320167 prime?
False
Is 123511 prime?
False
Is 568109 prime?
True
Is 3775297 composite?
False
Is 822845 prime?
False
Is 19929853 a composite number?
False
Is 58294391 prime?
True
Is 5847263 a prime number?
True
Is 1938971 a composite number?
False
Is 101046899 a prime number?
True
Is 22583842 a prime number?
False
Is 1417063 a prime number?
False
Is 28350923 a composite number?
False
Is 832249 composite?
True
Is 22937 a prime number?
True
Is 2998277 a prime number?
False
Is 11296707 composite?
True
Is 9580573 a composite number?
True
Is 481607845 a prime number?
False
Is 14367443 a prime number?
True
Is 13826521 composite?
True
Is 260583 a prime number?
False
Is 2037611 a prime number?
True
Is 40892911 composite?
False
Is 25276309 a composite number?
False
Is 490592107 composite?
False
Is 12933901 a prime number?
False
Is 88866847 composite?
False
Is 22642909 a prime number?
True
Is 48141641 a prime number?
True
Is 76123961 prime?
True
Is 25787423 composite?
False
Is 3921811 prime?
False
Is 1995863 composite?
True
Is 96605315 composite?
True
Is 191633111 a composite number?
True
Is 13403119 a composite number?
False
Is 24247 a composite number?
False
Is 13372253 a prime number?
False
Is 188367313 a prime number?
True
Is 121037099 a composite number?
False
Is 552533 prime?
False
Is 851965 prime?
False
Is 9904915 prime?
False
Is 22334699 a composite number?
True
Is 7072321 a prime number?
True
Is 91788029 prime?
True
Is 18769693 a prime number?
False
Is 20227357 a prime number?
True
Is 9606293 a composite number?
False
Is 147708163 a composite number?
True
Is 61010483 composite?
False
Is 194871113 prime?
True
Is 5539753 a composite number?
False
Is 43833269 composite?
False
Is 47356403 a composite number?
False
Is 25931 composite?
False
Is 85614323 prime?
False
Is 16551499 composite?
False
Is 478787 prime?
True
Is 1011169 a composite number?
True
Is 65950249 a composite number?
False
Is 12540923 prime?
False
Is 7675847 a prime number?
True
Is 35715457 composite?
True
Is 4897423 prime?
True
Is 11238913 prime?
False
Is 33520649 a prime number?
True
Is 8263769 a composite number?
False
Is 28268249 a prime number?
False
Is 3128485 prime?
False
Is 11272447 composite?
False
Is 19129829 composite?
False
Is 11798177 prime?
True
Is 244563829 a prime number?
True
Is 12655649 a prime number?
False
Is 2874779 composite?
True
Is 228479279 a prime number?
False
Is 61311181 a prime number?
False
Is 6573823 a prime number?
False
Is 678089114 composite?
True
Is 917753 composite?
False
Is 85138763 a composite number?
True
Is 70473817 composite?
True
Is 7131931 a composite number?
True
Is 2665471 a composite number?
True
Is 136225049 prime?
True
Is 161911699 composite?
False
Is 106744669 a prime number?
False
Is 18966581 a prime number?
True
Is 353488903 a composite number?
False
Is 892139 a prime number?
False
Is 158062547 a prime number?
True
Is 22295573 prime?
True
Is 471039 composite?
True
Is 7597273 composite?
False
Is 12100899 a prime number?
False
Is 8231087 composite?
False
Is 11376089 a composite number?
False
Is 21801553 prime?
True
Is 4035533 composite?
False
Is 47602549 a prime number?
True
Is 108189167 composite?
False
Is 100212865 composite?
True
Is 3149959 a composite number?
False
Is 120473 prime?
True
Is 33627149 prime?
True
Is 62444589 composite?
True
Is 2346479 prime?
False
Is 68666261 prime?
True
Is 198743 a prime number?
False
Is 110787821 a composite number?
False
Is 9750311 a composite number?
False
Is 180673697 a prime number?
False
Is 96664939 a prime number?
False
Is 373241229 composite?
True
Is 3045797 composite?
False
Is 169158361 a prime number?
True
Is 319811 a prime number?
True
Is 155638433 a composite number?
False
Is 21090901 a composite number?
True
Is 29147467 a composite number?
True
Is 50131357 prime?
True
Is 1596737 a prime number?
True
Is 254222849 a prime number?
False
Is 9259399 a composite number?
True
Is 3329413 prime?
False
Is 116139157 a prime number?
False
Is 375489869 a prime number?
True
Is 2142967 prime?
True
Is 9206117 a composite number?
False
Is 5671859 prime?
True
Is 187849117 composite?
False
Is 45229493 prime?
False
Is 3747299 a composite number?
False
Is 2078287 a composite number?
False
Is 2220271 a prime number?
True
Is 1635101 a composite number?
True
Is 836449 a composite number?
False
Is 28829 prime?
False
Is 1392631 prime?
True
Is 6653011 composite?
False
Is 43942667 composite?
False
Is 5317007 composite?
False
Is 206290407 a composite number?
True
Is 28401742 a prime number?
False
Is 1190023 composite?
False
Is 2519501 a composite number?
True
Is 179247346 a composite number?
True
Is 58485733 a composite number?
True
Is 2557417 composite?
False
Is 176244263 a composite number?
True
Is 76243967 a prime number?
False
Is 37619633 composite?
False
Is 2091269 a composite number?
False
Is 28903723 prime?
False
Is 55711253 a prime number?
False
Is 112237 a composite number?
False
Is 25567271 a prime number?
False
Is 116395207 composite?
False
Is 125641435 a composite number?
True
Is 296496817 a composite number?
False
Is 5394707 prime?
False
Is 2218889 prime?
False
Is 1142059 composite?
False
Is 89039609 prime?
False
Is 18009353 a prime number?
False
Is 5960993 composite?
False
Is 362696401 a composite number?
False
Is 1248881 composite?
False
Is 9386099 prime?
False
Is 64245959 a composite number?
True
Is 972557 a prime number?
True
Is 198586205 a prime number?
False
Is 2186491 a composite number?
False
Is 26937343 a prime number?
False
Is 2884759 prime?
True
Is 36397021 prime?
False
Is 31531 a composite number?
False
Is 137930447 prime?
True
Is 86489561 a composite number?
True
Is 104897 composite?
True
Is 24412699 a prime number?
False
Is 145611899 prime?
True
Is 50719 a prime number?
False
Is 2327681 composite?
False
Is 5599939 composite?
False
Is 13233567 a composite number?
True
Is 316919 composite?
False
Is 324011747 prime?
True
Is 6505273 a prime number?
False
Is 19237871 prime?
Fals